te -1 + 13 + (10 - (3 + 12)).
7
Calculate (3 - 1) + -3 + 6 + -1.
4
What is -4 - (-5 + (7 - 3) - -2)?
-5
What is the value of (-1 + -4 - -2) + 2?
-1
What is the value of -1 - (0 - 7) - (21 - 16)?
1
-5 + 2 + 4 + 1 - 2
0
Calculate 0 + -3 + 7 + -4.
0
What is 0 + -5 + 1 + 3?
-1
-4 + (9 - (-4 - -4))
5
Calculate 3 - (0 + 1 - (0 + 0)).
2
Calculate (0 - 2) + (3 - 2 - -6).
5
Evaluate 33 - 22 - (9 + -1).
3
What is the value of (6 + -3 - 8) + 1?
-4
7 + 0 + 1 + 5 + -7
6
Calculate -1 + 2 + 2 + (-11 - -9).
1
Calculate -2 + (-2 + 4 - (0 - 0)).
0
Calculate 2 + 0 + 30 + -30.
2
1 + -1 - -8 - 7
1
What is -2 + -4 - (-10 + 7 + -12)?
9
What is -8 - -7 - (-7 + 2)?
4
What is 37 + -21 + -15 - (2 + -1)?
0
What is the value of -14 - -10 - (-1 - -2)?
-5
Calculate 10 + -5 + -6 - -2.
1
Calculate (0 - 9) + (0 - (-1 + -3)).
-5
-6 + (3 - (-5 - -3))
-1
Calculate 0 + (-3 - -1) - (5 - 4).
-3
Evaluate (-4 - (-1 + (3 - 5))) + -2.
-3
What is (23 - 25 - (-4 + 0)) + 7?
9
What is the value of -5 - (-6 + 0 + 12 + -5)?
-6
Calculate 1 + 2 + 0 + -5.
-2
What is the value of -4 + (1 - (0 - -2)) + 2?
-3
Evaluate -3 - ((5 - 3) + -5).
0
Evaluate (19 - 21) + (-2 - -2).
-2
What is -1 + -2 + -7 + 6 - -1?
-3
What is the value of -2 + (10 - 5) - 2?
1
-12 + 9 + 0 + 0 + 7
4
Calculate 2 + (10 - 7) + -7.
-2
What is the value of 1 + -2 - (10 - 11)?
0
Calculate -1 + 0 + (-3 - (5 + -8)).
-1
Evaluate -12 + 11 + -9 + 9.
-1
What is the value of 3 + (7 - (-5 - -11))?
4
-35 + 40 + 2 + -2
5
Evaluate (-5 + 0 + 4 - -3) + -7.
-5
What is the value of 0 - (-5 - (-8 - -2))?
-1
Evaluate (-2 - 2) + -58 + 69.
7
Evaluate -11 + 2 + (10 - 4).
-3
What is the value of 5 - 0 - (2 + 1)?
2
Calculate 4 - (6 - (4 + 0)).
2
What is the value of (-7 - -11) + -5 + -5?
-6
What is -47 + 35 - (-7 + 0)?
-5
What is -9 + -3 + (0 - 3) + 8?
-7
Evaluate 4 + (-5 - -2) + 3.
4
Evaluate -2 + 0 + (0 - -2).
0
What is the value of -3 + (-8 - (-2 - 6))?
-3
What is the value of (1 + 3 - (-6 + 8)) + -1?
1
What is (-1 - 0) + (0 - (0 - 5))?
4
Calculate -8 + 7 + -2 + -3.
-6
Calculate -10 + 10 - (-1 - 0).
1
What is the value of -1 + (4 - (16 - 7))?
-6
Evaluate 10 + (-14 - 0) + 0 + -2.
-6
What is 6 + -4 + 4 + -2?
4
What is (-12 - (1 + -2)) + 5 + 0?
-6
What is the value of 0 + 5 + 0 + (0 - 3)?
2
What is the value of -8 - (1 - 3 - 1)?
-5
What is 3 + -21 + (5 - -7)?
-6
Evaluate 7 - (8 - -2 - (-6 - -3)).
-6
Calculate -61 + 56 + 1 + 10.
6
What is -4 + -5 + 9 + 10 + -6?
4
What is 15 + -17 + (1 - -3) + 2?
4
What is the value of -2 + -1 - (9 - (-10 + 16))?
-6
-1 + 3 + -27 + 22 + -2
-5
Calculate (-1 - 8) + 2 + 4.
-3
Calculate -2 + -3 + 4 - 0.
-1
Evaluate 11 + -3 - 8 - 2.
-2
Evaluate (0 - -1) + (22 - 23).
0
Evaluate (-1 - -2) + 3 - (-8 + 12).
0
Calculate -1 + (-2 + 4 - (-1 + 3)).
-1
-15 + 20 + (-3 - (3 + -6))
5
What is -3 - 3 - (-2 + 2) - -1?
-5
What is (1 - (0 - 4)) + (-159 - -149)?
-5
-7 - (0 + 3 + -7)
-3
What is -4 - (2 + -4) - (9 - 7)?
-4
Calculate -4 + 1 + -3 - (1 - 4).
-3
Calculate 14 - (1 - -7) - (1 + 2).
3
Calculate (0 - 0 - 3 - -11) + -4.
4
-5 - -2 - (3 - 1) - -4
-1
What is 2 + 5 + -17 + 4 + 1?
-5
What is the value of (13 + -10 - (3 - -1)) + 1?
0
Calculate (-4 - -6 - -3) + 6 + -3.
8
What is -7 + 8 + (1 - 11)?
-9
What is -3 + -2 + 1 + -2 + 6?
0
Calculate 17 - -15 - 24 - (14 - 1).
-5
What is the value of (-2 - 0) + (5 - 7)?
-4
Calculate -2 + -6 + 9 + 3.
4
What is the value of (-4 - (-2 + -4)) + -1 + -5?
-4
Calculate 0 - -2 - (2 - -4 - 4).
0
Evaluate -4 + 0 + (-2 - -6) - 0.
0
What is the value of -4 + (0 - -2 - (0 + -1))?
-1
What is the value of -10 + -4 + 8 - -3?
-3
Evaluate 0 - (-2 + 3) - (12 + -9).
-4
Evaluate 17 + -21 - (2 - -2).
-8
Calculate 1 + 2 + (55 - 53).
5
2 - 1 - -4 - 9
-4
What is the value of -24 + 16 + 4 + 1?
-3
What is 15 + (0 - 3) + -6?
6
Calculate 3 - -1 - (-1 + 9).
-4
Calculate (1 + -1 + -4 - 5) + 5.
-4
Evaluate 3 + 0 + -6 - (5 + -1).
-7
Calculate -3 + -13 - (3 - 6) - -8.
-5
Calculate 2 + 3 + -1 - (3 - 2).
3
What is the value of 7 + -10 - (-1 - -2)?
-4
Calculate -3 + 0 + -3 + 1.
-5
What is (3 - (1 - -9)) + (12 - 7)?
-2
5 + -2 + (0 - -9) + -13
-1
What is 10 + -5 + -13 - -2?
-6
Evaluate 5 - ((-10 - -4) + 3).
8
What is -7 + (-2 - -6) + 1?
-2
Calculate -27 + 19 - (0 - 6).
-2
What is (-2 - -15) + -14 - -11?
10
1 + -4 + 5 + -1
1
What is the value of 5 + -1 - (2 + -2)?
4
Evaluate 6 + -8 - (0 - 4).
2
Calculate 3 - (3 + 2 + -3 - 3).
4
Calculate 9 + -10 + -5 + 0.
-6
Calculate 1 - ((2 - (0 - -2)) + -3).
4
Calculate 1 + 0 + 4 + -2 - -2.
5
What is the value of -1 + (5 - 5) + 5?
4
Calculate 0 - ((-2 - 4) + 2 - -3).
1
Evaluate (3 - -1 - 15) + 4 - -4.
-3
What is -4 - ((-3 - 10) + 5)?
4
What is (3 - -2) + -5 - (0 - 1)?
1
What is -10 + 1 + (2 - -2)?
-5
Calculate -2 + -2 - (-6 + -4 + 6).
0
What is 3 + 2 - (10 + (0 - 7))?
2
-8 + 0 - (2 - (9 + -4))
-5
-1 + (-3 - -1) - (1 - 1)
-3
-3 + 10 - (1 + 2 + -1)
5
What is -6 + 2 + (-1 - -6)?
1
What is the value of -2 - (10 - (20 - 8))?
0
Calculate 1 + 4 + -5 + 0.
0
What is the value of 5 + 2 - (2 + 1)?
4
Calculate 4 + (2 - (-2 - (3 + -7))).
4
Calculate -4 + (-4 - 0) + 3.
-5
What is the value of -3 - (1 - (0 + 1))?
-3
2 - -8 - 16 - -10
4
Calculate -4 + 5 + (-2 - -1) - 3.
-3
Evaluate -4 + 7 + -3 + 2.
2
What is the value of ((10 - 1) + -4 - 8) + 6?
3
What is -1 - 0 - -5 - 7 - 7?
-10
What is -2 + 1 - (0 - (7 + -4))?
2
3 - (7 + -3 + 4)
-5
What is the value of -2 + 16 + -8 + 2 + 0?
8
Evaluate -2 - 0 - -5 - (8 - 1).
-4
What is -14 + 11 + 5 + 8?
10
Calculate -3 + (4 - 3) + 10.
8
What is the value of 1 + -4 + (28 - 10 - 5)?
10
What is the value of 1 - 6 - (-18 - -7)?
6
What is the value of -3 + -1 + 4 + -15 + 20?
5
What is the value of (-10 - -10) + 0 - 1?
-1
Calculate (6 - 6 - 5) + 1.
-4
What is -7 - ((2 - (8 - 9)) + -12)?
2
Calculate 0 + 5 - (-11 + 15).
1
Evaluate 1 + -1 + -1 - (9 - 16).
6
Calculate 4 - (6 + -5 - -1).
2
Evaluate -11 + 16 + (4 - 8).
1
6 - (1 + (5 - 5)) - 1
4
Evaluate -2 + 7 - (-1 + 9).
-3
What is the value of 2 + -4 - (-5 - -6)?
-3
7 - 4 - (1 - -4)
-2
Calculate -7 + 8 - (2 + -2 + -2).
3
Calculate -3 + (-3 - -13 - -2).
9
What is the value of (-5 - -1) + (67 - 59) - 3?
1
What is (5 - 2) + (-1 + -2 - -1)?
1
(11 - 5) + -6 + 0
0
What is the value of (-1 - 4) + (-64 - -66)?
-3
Calculate (1 - -2 - -1) + 0.
4
Calculate (-4 + -3 - -3) + (6 - -3).
5
Calculate 33 - 43 - (-2 + 2).
-10
Calculate 5 + (-1 - -5) + -3.
6
What is the value of -7 - (-7 + 4 - 2)?
-2
Calculate (3 - -2) + -11 + 5 + -5.
-6
Calculate -3 - (-4 + -4) - 10.
-5
0 - (4 + 0 + 3 + -8)
1
What is the value of (-3 - -11) + -3 - 4?
1
What is -4 - (-12 + 8 + -2)?
2
Calculate 21 + -19 + (-5 - -1).
-2
What is the value of -6 - 2 - (-2 + -1)?
-5
Calculate 8 + 1 + -3 + -14.
-8
What is 0 - (3 - (1 - (-1 - -2)))?
-3
Calculate -3 + 0 - (0 + 2).
-5
-10 - (5 - 9) - -7
1
(-2 + 4 - 8) + 4 - -3
1
Calculate -9 - ((-6 - -6) + -7).
-2
-1 + (3 + -5 - -2)
-1
What is the value of 4 + (-2 - 0) - (1 - -4)?
-3
What is the value of 14 + (-8 - (21 - 10))?
-5
-3 + (-1 - -8) + 0 + -3
1
0 + 2 + (1 - 0 - 5)
-2
What is 2 + 2 - (11 + -5 + -4)?
2
What is the value of 42 + -42 - (2 + (1 - 0))?
-3
Evaluate 2 + -10 + 2 + (-24 - -25).
-5
What is -2 - 0 - (6 - 10)?
2
What is 7 - (-3 + 5 + 1) - -1?
5
What is the value of (-12 + 12 - (-4 - -14)) + 4?
-6
Evaluate 2 - (-4 - -5) - (-2 - -6).
-3
What is -50 + 37 + (5 - -2 - 1)?
-7
What is (-6 + 13 - 1) + -7?
-1
Evaluate (-71 - -66) + -1 + 8 + -3.
-1
What is the value of -2 + (0 + 3 - (7 + -3))?
-3
1 + -1 - 3 - (364 + -362)
-5
(2 - 0) + (-5 + 1 - -2)
0
(5 - (1 + 2)) + -4 + 7
5
What is the value of -2 + 1 + 6 + -2?
3
What is -1 + (-6 - -3) + 5 + 1?
2
Calculate (1 - -3 - (4 + 4)) + 2.
-2
What is the value of (66 - 67) + (4 - 2) + -6?
-5
What is the value of (0 + 3 - (3 + -4)) + -2?
2
What is the value of -11 - (-13 + 9) - -13?
6
What is (-2 - -1) + -1 + -3?
-5
0 - (-17 - -8) - (3 - 0)
6
2 + (-2 - (-1 - (-2 + 2)))
1
(9 - 8) + 1 + 1
3
Evaluate (-3 + 2 - -2) + -8.
-7
What is (-1 - 11) + 3 + 7?
-2
What is -3 + -3 + -4 + 8?
-2
What is (-3 - 0) + 1 + 0 + -1?
-3
What is (1 - 5) + -4 + 5?
-3
What is (0 - (-2 - -7)) + 4?
-1
What is the value of -12 + (12 - (0 - -4))?
-4
What is the value of (7 - (-1 - (-26 + 3))) + 7?
-8
Calculate (10 - 11 - 10) + 2.
-9
25 + (4 - 18) + -17
-6
What is the value of 14 + (-24 - -15) + -2?
3
Evaluate 1 - (2 + 4 + -3).
-2
What is the val